05. Suppose -3*x = x - b. List the prime factors of x.
2, 5
Suppose -5*p - 34 + 8 = -r, 2*p = -3*r + 44. Suppose -2*f = 7*h - 3*h - r, -3*f = -3*h - 6. List the prime factors of h.
2
Let p(k) = -13*k. Let i be p(2). Let a = i - -17. Let z = 15 + a. List the prime factors of z.
2, 3
What are the prime factors of (28 + 1)/((-6)/(-18))?
3, 29
Let t = -35 + 67. Suppose 8*s - 3*s - 2*h = 40, 5*h = 4*s - t. List the prime factors of s.
2
Suppose -5*l + 1055 = 5*k, l + 3*l + k = 850. List the prime factors of l.
3, 71
List the prime factors of 4437/81 - (-2)/9.
5, 11
Suppose g - 158 = -3*u, -263 = -4*u - 2*g - 55. Suppose 5*f - u = 5*b + 31, 2*f - 3*b = 30. List the prime factors of f.
3, 7
Let n(v) = 8*v - 1 - 2*v**2 + 8*v**2 - v**3 + v**2. Let x be n(8). List the prime factors of 1/(-1) - (-11 + x).
11
What are the prime factors of (-192)/(-9) + (-2)/6?
3, 7
Suppose 11 = 2*n - 39. Let a = n - 2. What are the prime factors of a?
23
Let a(k) = k**2 - k - 4. Suppose -3*h - h = 2*q + 10, 0 = -5*h - 20. Let r be a(q). What are the prime factors of (-99)/(-21) - r/(-7)?
5
Let f be 3 + 12 + 2/1. Suppose -2*m + 3*m = 3*d - f, 0 = m + 2. What are the prime factors of d?
5
Let a(y) = 2*y**2 + 13*y - 15. Let q be a(-11). List the prime factors of (-28)/(-2)*72/q.
2, 3
Let b = -6 + 24. Suppose -5*k = -2 - b. What are the prime factors of k?
2
What are the prime factors of (1/(-3))/(4/(-1644))?
137
Let u(n) = n**2 - 4. Let d be u(3). Suppose -d*z = -3*m + 104, -6*m + m + 3*z = -168. Let r = m + -19. What are the prime factors of r?
2, 7
Suppose -w + 11 = -0. Suppose 6 = d - w. What are the prime factors of d?
17
Suppose -3 - 8 = -j. List the prime factors of j.
11
What are the prime factors of ((-208)/(-40))/((-1)/(-10))?
2, 13
Let n(g) = 4*g**2 - g. Let j be n(-5). Suppose i + 4*i + j = -4*y, -i = -3. List the prime factors of 4/(-3 + y/(-9)).
2, 3
List the prime factors of (1096/10)/(16/40).
2, 137
Let g be -8*(17094/4)/7. List the prime factors of g/(-96) + (-1)/(-8).
3, 17
Let b(a) = a**2 - 18*a - 12. List the prime factors of b(20).
2, 7
Let d(c) = 3*c - 8. List the prime factors of d(5).
7
Let q(i) = -187*i - 1. List the prime factors of q(-1).
2, 3, 31
Let j be (-5 - -2) + 3 + -2. What are the prime factors of 2/j + 1*21?
2, 5
Let b = 4 + 8. Let z = b + -7. Suppose -i = z*o - 16, 0 = -2*o - o + 4*i + 28. What are the prime factors of o?
2
Let i(w) = -16*w. Let c be i(-1). Suppose -1 = 3*p - c. List the prime factors of p.
5
Let w be (-174)/(-8) - 3/4. Suppose -w = -4*h + 3. What are the prime factors of h?
2, 3
Let n be -4*(2 - (-66)/(-4)). Suppose 2*s - 6 = n. What are the prime factors of s?
2
Let n(q) = -4*q**3 + q + 1. Let p be n(-1). Let v = 6 - p. Suppose 2*c = -a + 19, 2*a = -5*c - v*a + 52. List the prime factors of c.
2
Let h(x) = -x**2 - 9*x - 11. Let v be h(-7). Suppose 0 = y - v*z - 38 - 11, -y - z + 57 = 0. What are the prime factors of y?
5, 11
Let v = -3 + 2. Let o = v + 6. What are the prime factors of o?
5
Let f(g) = g**2 + g + 57. List the prime factors of f(0).
3, 19
Suppose j = -3*d - 2*j + 18, 4*d - 16 = 4*j. Suppose 5*q + d = 0, 4*q - 11 - 1 = -4*r. List the prime factors of r/(-6) + (-69)/(-9).
7
Suppose -3*n = -n - 10. Suppose 4*s = n + 7, -4*p + 71 = -3*s. Suppose -4*j + p + 4 = 4*x, 0 = -4*x + 3*j + 59. What are the prime factors of x?
11
Let f = -8 - -12. Let h be (f - -1)/(0 + 1). Suppose 0*o - h = -k + 4*o, -2*o - 15 = -3*k. List the prime factors of k.
5
Let o = 6 - -9. Let u = o + -11. List the prime factors of u.
2
List the prime factors of (2 - (-14)/(-10)) + (-235)/(-25).
2, 5
What are the prime factors of 2/14 + (-4301)/(-77)?
2, 7
Let h(c) = 9*c + 20. What are the prime factors of h(6)?
2, 37
Let n be 9/2 + 2/4. Suppose -5*y - n = -5*h, 4*y + 0*h + 2 = 2*h. Suppose -3*t + 3 = -2*t, y = -4*j - 4*t + 48. List the prime factors of j.
3
Let w(o) be the third derivative of 3*o**2 + 0 - 7/24*o**4 + 0*o + 1/3*o**3 + 1/12*o**5 + 1/120*o**6. List the prime factors of w(-6).
2
Suppose 5*k - 95 = -3*v, -2*k = -4*v + 88 + 4. List the prime factors of v.
5
Let k = 89 - 54. List the prime factors of k.
5, 7
Suppose -3*b = -5*p - 65, -3 - 32 = 2*p - 3*b. Let i be (-2)/p + 12/(-10). Let z(s) = -9*s**3 - s. List the prime factors of z(i).
2, 5
Let o(z) = -27*z - 2. Suppose d + 0*d + 2 = 0. Let s be o(d). Suppose -3*v = v - s. What are the prime factors of v?
13
Let j(s) = s**2 + 2*s. Let h be j(-6). Suppose -12 = 2*f - 5*f. Suppose f*y - h = -0. What are the prime factors of y?
2, 3
Let h(d) = 0*d**2 + 6*d + 5 - d - 6*d - d**2. What are the prime factors of h(0)?
5
Let a = 223 - 132. List the prime factors of a.
7, 13
Let o(v) = -v + 18. Let k be o(0). Suppose 3*h - 14 = -4*c, -4*h + h + 19 = 5*c. Suppose p + 4*p + 2*x = 9, p - c*x = k. List the prime factors of p.
3
Let l(z) = -2*z**3 - 6*z**2 + 5. What are the prime factors of l(-4)?
37
Let c(i) = 156*i**3 - i**2 + 2*i. List the prime factors of c(1).
157
Let w be (-58)/(-3) + 4/6. Let h = 3 + w. What are the prime factors of h?
23
Let g(p) = -p**2 + 5*p + 2. Let x = -49 + 69. Let f be (48/(-40))/((-6)/x). List the prime factors of g(f).
2, 3
What are the prime factors of (0 - -1) + 360/5?
73
Let m(o) = o**3 - o**2 + 1. List the prime factors of m(3).
19
Let p(i) = 2*i**2 + i + 1. Let v be (-1)/(-2) + 45/(-10). List the prime factors of p(v).
29
Let o(p) be the second derivative of -p**5/20 - p**4/4 + 4*p**3/3 + 3*p**2/2 - p. List the prime factors of o(-5).
13
Suppose -1302 = -10*j - 4*j. List the prime factors of j.
3, 31
Suppose 0 = -2*g - 4*c - 24, 4*g = -c - 3*c - 56. Let k = -8 - g. List the prime factors of k.
2
Suppose -2*t + 2*x + 24 = 0, 3*x + 21 = 2*t + 4*x. List the prime factors of (-2 + -6)*t/(-2).
2, 11
Let c(h) = -h**2 + 13*h - 2. Let q be c(10). Suppose -5*a - 128 = 2*v, -5*v + q = -3*a + a. Let f = -15 - a. What are the prime factors of f?
3
Let d(u) = -13*u**3 - 1. Let j be d(-1). Let t = 3 - 1. Suppose -2*s - j = -q, 0 = -4*q + 6*s - t*s + 40. List the prime factors of q.
2
Suppose -5*z + 0 = -10. Let j be (3 - 2)/(z/4). What are the prime factors of (-10)/(-12)*j*6?
2, 5
Let k = 4 - 2. Let t = 37 - 21. Suppose -2 = 4*j + 2*o - t, o = k*j - 9. List the prime factors of j.
2
Suppose -40 - 28 = -2*x. Suppose -2*v - 5*c - 49 = 0, -5*v - c - 112 = c. Let g = v + x. What are the prime factors of g?
2, 3
Let j(b) = -2*b. Let g be j(-2). Suppose 5*d - 4*n - 20 + g = 0, n = 2*d - 7. Suppose -11 = -d*p + 1. List the prime factors of p.
3
Suppose -4*v + 720 = 4*m, v - 6*v - 2*m + 885 = 0. List the prime factors of v.
5, 7
Suppose -7*h + 502 = -597. What are the prime factors of h?
157
Let l(o) = 2*o - 5. Let b be l(7). Suppose -3*t - 5*z = -64, -5*t + 4*z + 36 = -b. List the prime factors of t.
13
Let c be (-8)/3*(-6)/4. Suppose -c*k - 13 = -37. What are the prime factors of (-2)/k - 75/(-9)?
2
Let o(q) = q + 8. Let p(d) = d + 9. Let g(a) = -5*o(a) + 6*p(a). Let w be g(-10). Suppose 5*u - w = 91. What are the prime factors of u?
19
Suppose -i + 5*i + 2*t - 854 = 0, 3*t = -i + 226. What are the prime factors of i?
211
Suppose 5*k + 18 = 2*k. Let j be (-17)/(-3) + k/9. Suppose 0 = b - j*b + 8. List the prime factors of b.
2
Suppose 4*g = 3*g + 8. Let f = g - -6. Suppose f + 10 = 2*s. What are the prime factors of s?
2, 3
Let z = 111 + -61. List the prime factors of z.
2, 5
Let w = -43 + 60. What are the prime factors of w?
17
Let n(q) = 2*q**2 + 4*q + 41. What are the prime factors of n(-6)?
89
Suppose -3*n - 12 = 3*f, 16 + 0 = 5*n - 4*f. Suppose -c + 5*h - 2 = -n*c, 0 = 3*c + h - 58. What are the prime factors of c?
2, 3
Let k(i) = 18*i + 3. Suppose 0 = -3*o - s + 3, 2*s - 6*s - 10 = o. List the prime factors of k(o).
3, 13
Let q(h) = 10*h - 33. Let r(t) = -3*t + 11. Let w(j) = 2*q(j) + 7*r(j). Suppose -4*v = 4*x - 28 + 12, 5*x - 20 = -v. What are the prime factors of w(v)?
11
Let c(s) = 2 + s**2 + 8*s + 2 - 2*s. List the prime factors of c(-7).
11
Let u = -11 - -8. Let p(i) = -i**3 - 2*i**2 + 3. Let l be p(u). Suppose x - 1 = -j + 5, -2*j - 5*x = -l. What are the prime factors of j?
2, 3
Suppose 0 = -2*t + 4*t - 5*g - 108, -t = -g - 57. What are the prime factors of t?
59
Let q = 48 + -33. Let n be 628/20 - (-9)/q. Suppose -28 = -3*g + n. List the prime factors of g.
2